94 = -5*j. What is the highest common divisor of 160 and j?
40
Suppose 6*o - 7*o = -2*p + 4799, 4*p - 5*o - 9595 = 0. Calculate the greatest common divisor of p and 30.
30
Suppose v = -3*w + 8, 5*w - v - 15 + 7 = 0. Let b(r) = 10*r**3 + 2*r**2 - 9*r + 7. Let a be b(w). Calculate the highest common divisor of 21 and a.
7
Suppose 18 = -14*b + 60. Suppose 0 = -3*v - b*h + 36, 4*h - 4 = -v - h. Let g be ((-8)/10)/(2/(-5)). Calculate the highest common factor of v and g.
2
Let b(t) = -t**2 - 94*t - 17. Let d be b(-93). What is the greatest common factor of d and 20?
4
Suppose -5*p = 3*s - 34, 5*s = -0*s + 2*p + 5. Let c be 0/(-1 - -2) - (-107 + 5). Calculate the highest common factor of s and c.
3
Let f = 5587 - 5411. What is the greatest common factor of f and 3707?
11
Let p be ((-26)/(-52))/((-839)/420 + 2). Suppose -5*h + s = -912, -2*h + p + 158 = -2*s. What is the greatest common divisor of 26 and h?
26
Suppose -3*l = 4*n - 288, 2*n = -13*l + 8*l + 144. Calculate the greatest common factor of 6312 and n.
24
Let v(u) = -7*u**2 - 29*u - 21. Let c(j) = j**2 - 2. Let m(f) = 6*c(f) + v(f). Let i be m(-6). Calculate the greatest common factor of 15 and i.
15
Let l be 21/49 + (-171)/7. Let q be l/36 - 110/(-3). Suppose -8*t + q = -2*t. Calculate the greatest common factor of 24 and t.
6
Suppose -3*u - 130 = -16*u. Let l be 1339/u + (-38)/(-380). Calculate the greatest common factor of l and 469.
67
Suppose -748 = 15*r - 3268. Calculate the greatest common divisor of r and 1176.
168
Let f = -8318 + 8364. Calculate the highest common factor of f and 13248.
46
Suppose -54*t - 1088 = -56*t + 704. Calculate the greatest common factor of t and 84.
28
Suppose -2*z = p - 46, 6*p + 6 = 3*p. Let n be (10 + (-35)/10)*72. What is the highest common divisor of n and z?
12
Suppose -3*o = 259 - 232, 2*x - 576 = -2*o. Calculate the highest common divisor of 880 and x.
11
Let g = 1607 - 2342. Let i = -635 - g. Let d be (-1 - -1) + 1 + 249. What is the greatest common factor of i and d?
50
Suppose -15*i - 4906 = -1306. Let u be i*(33/5 + -7). What is the greatest common factor of u and 144?
48
Suppose 1234 = 18*j - 1628. Suppose -b = -81 - j. What is the highest common factor of b and 20?
20
Let y(c) = 31*c + 1488. Let i be y(-18). What is the highest common factor of 1488 and i?
186
Let w = -89 - -92. Let i(z) = 2*z**3 - 6*z**2 + 4*z + 3. Let j be i(w). Calculate the greatest common divisor of j and 9.
3
Suppose 7*x = -22 - 48. Let z be (16/x)/(20/50). Let h be -2 - (17*z)/1. Calculate the greatest common factor of h and 44.
22
Let t = -165 + 188. Suppose -16*g = -t*g + 70. What is the greatest common factor of 16 and g?
2
Let k = -151 - -159. Suppose 195 = k*o + 7*o. What is the highest common factor of 143 and o?
13
Suppose 0*g = 2*g - 2. Let j be g*(-3 + 50) - 0. Let h(v) = v**3 - 11*v**2 + 26*v - 19. Let q be h(10). Calculate the highest common factor of q and j.
47
Let t(w) = -w**3 - 28*w**2 - 199*w - 6. Let z be t(-15). What is the greatest common divisor of z and 297?
27
Suppose 2*r + 7 = 5*m - 14, -2 = 4*r - 2*m. Suppose 4 = h + r. Suppose h*b - 21 - 1 = 0. What is the greatest common divisor of b and 121?
11
Suppose -495 = -17*z + 240 - 123. Calculate the greatest common factor of z and 1908.
36
Let v = -477 - -862. Let s(y) = 6*y - 10. Let h be s(-5). Let b be (7*h/(-4))/(1*2). Calculate the greatest common divisor of v and b.
35
Suppose 114592*r = 114537*r + 7425. Suppose 4*b - 535 + 103 = 0. Calculate the highest common divisor of b and r.
27
Let x be ((-780)/(-135))/((-14)/(-15813)). What is the highest common factor of 52 and x?
26
Suppose -8*w = 191 - 623. Let r(a) = a**3 + 11*a**2 - 13*a + 12. Let v be r(-12). What is the highest common factor of v and w?
6
Suppose 3*o + 96 = 84, 0 = -3*n + 5*o + 110. Calculate the highest common divisor of 2430 and n.
30
Suppose -65 - 1123 = -33*q. What is the greatest common factor of 5652 and q?
36
Suppose -9*n = -11*n - 5*b - 1115, 5*b = -5*n - 2780. Let a = -335 - n. Calculate the greatest common divisor of a and 40.
20
Let s(r) = -111*r - 2928. Let f be s(-38). Calculate the highest common factor of f and 12.
6
Let l = 165 + -148. Let n = -135 - -254. Calculate the greatest common factor of n and l.
17
Let g = -188 + 189. Let p be (g + 1)*84/7. Let c(u) = -2*u**3 - 4*u**2 + u + 1. Let l be c(-3). Calculate the highest common divisor of p and l.
8
Suppose -3*y = -3*i - 414, -4*i + y - 244 - 305 = 0. Let x = 202 + i. Let k = 114 - x. What is the highest common divisor of k and 49?
49
Suppose -69 = -20*s + 15*s - h, h = 2*s - 29. Calculate the greatest common divisor of 66 and s.
2
Let c(w) = -w**2 - 29. Let d be c(7). Let h = 55 + d. Let s = h + 44. Calculate the greatest common divisor of s and 21.
21
Let f(b) = -94*b + 571. Let a be f(4). Calculate the highest common factor of 897 and a.
39
Let x be 19 + (-7)/(21/6). Suppose 4*o - 89 = -x. Let a be 1/(7 - (-496)/(-72)). What is the highest common divisor of o and a?
9
Suppose 1 = -3*k - 8. Let l(j) = -2*j**3 + j**2 - 6*j - 6. Let o be l(k). Let r be (-20)/50*2*5 - -19. Calculate the highest common divisor of r and o.
15
Let s(a) = -a**3 - 5*a**2 - 7*a + 24. Let i be s(-7). Let g(m) = 34*m - 637. Let d be g(19). Calculate the highest common divisor of d and i.
9
Let c = 37168 + -37142. Let b = -441 + 649. What is the highest common factor of c and b?
26
Suppose 0 = 13*b - b - 156. Suppose -c = y - 3, 3*y + b = c - y. What is the greatest common divisor of c and 45?
5
Suppose -o = o - 2*v - 296, -2*o + 284 = 2*v. Suppose 4*s = -o - 55. Let p be 42/28 + s/(-4). Calculate the highest common divisor of 42 and p.
14
Let k(q) = 1476*q - 6 - 713*q - 741*q. Let o be k(4). What is the highest common factor of o and 123?
41
Let n(v) = -211*v**3 + 3*v**2 + 4*v - 1. Let i be n(-1). Let j(x) = -x - 17. Let o be j(-5). Let d = o + 31. What is the greatest common factor of d and i?
19
Let w be 2/(2/(-2) + 2/(-2)). Let q be (1 + -1 - 1)*2*w. Suppose -j + 4*f - 2 = 0, -j = -4*j + 2*f + 4. What is the greatest common divisor of j and q?
2
Suppose -y - 4*v + 4 = 2, -5*v - 4 = -2*y. Let k be (-3)/3*y/(-1). Suppose k*g + 8 = -0*g, 0 = 2*s - 3*g - 40. What is the greatest common factor of s and 14?
14
Suppose 0 = -9*d + 2*d + 2331. Suppose -146 = 4*x + 4*m + 90, -116 = 2*x + 4*m. Let s = 97 + x. What is the greatest common divisor of s and d?
37
Suppose 350 = 3*g - 5*a, -1828*g - 3*a + 294 = -1825*g. What is the greatest common factor of g and 1295?
35
Let o(a) = 1221*a - 377. Let b be o(3). What is the greatest common factor of b and 62?
62
Let i = 63 + 28. Let k = -39772 - -39785. Calculate the highest common divisor of i and k.
13
Let y be (1600 - 643) + (-4 + 1)/(-1). What is the greatest common divisor of 18 and y?
6
Let d(j) = 6*j - 9. Let m be d(8). Let s be -6 - ((-20 - -37) + -32). Calculate the highest common factor of m and s.
3
Let l = 101068 - 100815. Suppose c = -3, -2*t + 91 = 2*t - c. Calculate the greatest common divisor of t and l.
11
Let m be 4/1*((-225)/18 + 12) - -16428. Calculate the greatest common factor of 86 and m.
86
Suppose 376 = 33*w - 409 - 865. Calculate the highest common factor of 24 and w.
2
Let t = -179 + 184. Suppose -3*h + 31 = t*l, 2*h = l + 12 + 13. What is the greatest common divisor of 6 and h?
6
Let b = 1613 + -1595. What is the greatest common factor of b and 792?
18
Suppose m = 4*m - 1233. Suppose -c + 644 = 2*c + 4*r, -m = -2*c + r. Let t = -787 + 813. Calculate the highest common divisor of c and t.
26
Let k be 2/4*2 + 13. Let x = -192 + 198. Suppose -3*q - x*s = -s - 16, 3*q + 4*s = 17. What is the greatest common factor of q and k?
7
Suppose 251*n + 164 = 27*n + 1508. What is the greatest common factor of 250 and n?
2
Let r(s) = -14*s**2 - 1966*s + 353. Let z be r(-139). What is the greatest common divisor of z and 26?
13
Let y(x) = 34*x**2 + 209*x - 65. Let k be y(12). What is the greatest common factor of 41 and k?
41
Let m(u) = 8*u + 8. Let x be m(-6). Suppose -1 = 8*v + 151. Let f = v - x. What is the greatest common factor of 21 and f?
21
Suppose 18*k + 26*k + 9548 = 0. Let u = 261 + k. Suppose -a - 2*a = -12. What is the greatest common divisor of u and a?
4
Let l = -2910 + 3548. What is the greatest common factor of l and 22?